84295792)/2312 - (-8 + 0)?
6
Let t = -38 - -62. Suppose 1 = 4*i + 2*x - 7, -t = -2*i + 4*x. Suppose -2*r = i*p - 458, 3*p + 4*r - 333 = -r. What is the units digit of p?
6
Suppose 5*s - 2*b - 154856 = 0, -s + 30978 = -6*b + 9*b. What is the tens digit of s?
7
Let w(x) = -2*x + 47. Let n be w(18). Suppose -n*p + 0*p = -11. What is the units digit of 4/14 + ((-3436)/(-28))/p?
3
Let o be (-2)/((-3)/2 - 5/(-10)). Suppose 49 = 5*a + o*l, 0*l = 5*l - 10. Suppose 0 = a*t - 7*t - 34. What is the units digit of t?
7
Let t(d) = -59*d + 4531. What is the tens digit of t(19)?
1
Let v(i) = i + 7. Let n be v(5). Suppose -6*j + 0 + n = 0. What is the tens digit of ((-2)/2)/(j/(-46))?
2
Let m = 9706 + -4057. Suppose -10*k + 4571 = -m. What is the tens digit of k?
2
Suppose 4 = -2*p + 6*p, -4*p = -3*a - 118. Suppose 3*l - 3*c = 318, -3*c + 94 = -31*l + 32*l. Let i = a + l. What is the tens digit of i?
6
Let p = -19152 - -27709. What is the tens digit of p?
5
Let y = 66 + -43. Suppose 4*p + y = 3*q, 2*p + 3*q = q - 8. Let u = 26 - p. What is the tens digit of u?
3
Let m be (7/(-3))/(45/1215). What is the hundreds digit of (1 - 750)/(m/63)?
7
Suppose 5*j = 4*q + 17011 + 19421, q = 5*j - 36423. What is the hundreds digit of j?
2
Suppose n + 3*j - 5 = 10, 4*n - 2*j - 102 = 0. Let d = n + 183. What is the units digit of d?
7
Suppose 5*m - 4*o - 86417 = 0, 3*m - 3*o = 43838 + 8017. What is the units digit of m?
7
Suppose 5*l + 3*h = 2250, -16*l + 3*h + 1773 = -12*l. Suppose 0 = -4*c + 549 + l. What is the units digit of c?
9
Suppose 7*s - 9*s + 6 = 0, 3*s = 2*q - 46163. What is the ten thousands digit of q?
2
Suppose 65553 = -76*a + 4957 + 392184. What is the units digit of a?
3
Suppose -30*n + 28*n = -2*j + 8822, 5*n = -j + 4393. What is the tens digit of j?
0
Let d = -139 - -126. Let m = d - -115. What is the hundreds digit of m?
1
Suppose -2*a + 50 = -4*o, 4*a - 25 = o + a. Let y be (-4)/(-6)*-6 - o. What is the tens digit of ((-244)/y + 0)/(10/(-15))?
6
Let t be 55*(-83 + -14 + 9). What is the tens digit of ((-56)/(-10))/((-24216)/t + -5)?
9
Suppose 0 = 3*x + 5*v - 39082, -75*v + 78*v = -12. What is the thousands digit of x?
3
Let s(p) = -300*p + 250. Let r(a) = 43*a - 36. Let y(m) = 20*r(m) + 3*s(m). What is the hundreds digit of y(-10)?
4
What is the hundreds digit of (447581/(-267))/((-4)/12 - 0)?
0
Suppose -3 = -j, o - 6297 = 34*j - 32*j. What is the hundreds digit of o?
3
Let r(a) = 2*a - 23. Let d be r(10). Let l(j) = -4 - 61*j**2 + 70*j**2 - 5*j + j. What is the tens digit of l(d)?
8
Let c = -761 + -1109. What is the units digit of 2 - (0 + (-8)/((-16)/c))?
7
Let k(w) = 3*w**3 + 17*w**2 + 22*w + 23. Let u(v) = v**3 + v. Let s(p) = k(p) - 2*u(p). Let x be s(-16). Let d = -37 - x. What is the units digit of d?
4
Let p = 1083 - -405. Suppose -p - 5155 = -13*k. What is the units digit of k?
1
Let h = -9234 + 15278. Suppose 17*y = h + 5805. What is the tens digit of y?
9
Let t be 1871 + (4/8)/(1/6). Suppose 5*f + 467 = b, -4*b - 111 = f - t. What is the hundreds digit of b?
4
Let f = 30667 + -21297. What is the hundreds digit of f?
3
Let f(c) = 284*c**3 - 565*c**3 - 22 + 283*c**3 + 10*c - 5*c**2. What is the units digit of f(3)?
7
Let r(i) = -1344*i - 1573. What is the tens digit of r(-18)?
1
Let m(z) = 4*z - 61 + z**3 + 28 - 2*z + 28. Let h be m(5). Suppose 5*i = 5*l - 310, l - i + h = 3*l. What is the tens digit of l?
6
Let a be (58 - 24)/(2/19). Let k = 481 - a. What is the tens digit of k?
5
Let n = 79268 - 37232. Suppose -18*g = 44*g - n. What is the hundreds digit of g?
6
Let q = -2949 + 3834. What is the tens digit of q?
8
Let y(j) be the third derivative of 3*j**5/20 - 7*j**4/24 - 2*j**3 - 19*j**2. Let t be y(-4). Suppose -14*c = -16*c + t. What is the tens digit of c?
8
Suppose 67718 = 2*j + 3*u, 5*j + 5*u + 35680 - 204955 = 0. What is the ten thousands digit of j?
3
Let f(b) = -b**3 + 7*b**2 - 9*b + 5. Let n be f(5). Let z be (4/n)/((-9)/(-180)). Suppose 0 = -z*x + 4*x + 232. What is the units digit of x?
8
Suppose -s - 14 = 2*t + 3, 4*t + 46 = 2*s. Let m(v) be the second derivative of v**5/20 + 5*v**4/6 - 7*v**3/6 - v**2 - 123*v. What is the units digit of m(t)?
8
Let f = 33970 - 20269. What is the ten thousands digit of f?
1
Let n(m) = -m**2 + 9*m + 74. Let l be n(14). What is the tens digit of (6/1 + 1891 - -6) + l?
0
Suppose 3*v - 3*b + 21 = -0*b, -4*v - 3*b = 0. Suppose t + 620 = -23*t - 7*t. What is the units digit of t/12*234/v?
0
Suppose -169*k + 167*k - 732 = 0. Let l = -122 - k. What is the units digit of l?
4
What is the units digit of (5394 + -52)*(1 - 0)?
2
Suppose -2*x - 1904 = -3*h + 5*h, 4*x = 3*h + 2891. Let f = h - -1388. What is the units digit of f?
1
Let s be 12/9*180/80. Suppose 118 = 4*w + 3*k - 321, -s*w = -5*k - 351. What is the hundreds digit of w?
1
Let m(b) = -b**3 + 35*b**2 + 18*b - 8. What is the hundreds digit of m(14)?
3
Suppose -13*r - 10335790 = -115*r - 235*r. What is the hundreds digit of r?
6
Let p be (-9)/((-315)/98)*10. What is the hundreds digit of (-16)/p + -6 + 36102/42?
8
Suppose -3*i - 4*i + 28 = 0. Suppose i*a - 5*j - 1918 = 170, 0 = -a + j + 521. Let z = a + -249. What is the tens digit of z?
6
Let b be 7 + (6 - 11) - 16. Let s(u) = -u**3 - 16*u**2 - 30*u + 32. What is the tens digit of s(b)?
6
Suppose -148*m + 158*m = 163980. What is the units digit of m?
8
Let z = 131 - 103. Let b(l) = -l**3 + 28*l**2 + 12*l + 36. What is the hundreds digit of b(z)?
3
What is the tens digit of 825/(-495) + 52748/3?
8
What is the tens digit of (19273 - (26 + -15)) + -11?
5
Suppose v - 7 = 3. Suppose 0 = -h + 4*i + 1281, 15*h - i - 6424 = v*h. What is the units digit of h?
5
Suppose -9*u = -3*u - 24. Let y(x) = 179*x - 88. What is the units digit of y(u)?
8
What is the hundreds digit of (1110/(-20))/(3/(-704)) - 9?
0
What is the hundreds digit of 36/234 + ((-267896)/(-52))/1?
1
Let q = 3212 + -359. Suppose -8*v + q = -7419. What is the units digit of v?
4
Let r(o) = -76*o**2 + 1. Let k be r(-1). Let b = k + 79. Suppose -7*x + 507 = 4*z - 4*x, b*x = -5*z + 635. What is the hundreds digit of z?
1
Suppose 2*v - 26 = 26*g - 24*g, 2*v = -4. Let f(j) = 31 - 2*j + 12*j + j**2 - j**2 + j**2. What is the units digit of f(g)?
6
Let g = 11 + 2329. Suppose 8*y - g = -756. What is the hundreds digit of y?
1
Let i(r) = 34*r**2 - 2*r - 2. Let x be i(-1). Suppose -333 + x = -y. Let k = 418 - y. What is the tens digit of k?
1
Suppose -2*g = -h + 53750, -3*h + 237*g + 161240 = 236*g. What is the tens digit of h?
4
What is the units digit of 8958/(-10)*140/(-21)?
2
Suppose -2 - 13 = -5*f. Suppose f*a - 108 = 138. What is the tens digit of a?
8
Let g be ((-7)/(-6))/(-7) + 363/18. What is the tens digit of 35*204/g*1?
5
Let w(g) = 42*g + 374. Let p be w(28). What is the units digit of p/2 - (0 - 4)?
9
Let v = 41431 + -16258. What is the tens digit of v?
7
Suppose -2*c + 2 = -r, -6*c + 3*r + 4 = -c. Suppose -5*w + 2*b - 17 = 0, 0*b - c*b + 8 = -2*w. What is the tens digit of 1/(680/225 + w)?
4
What is the ten thousands digit of (19 - (-6 + 5 + (-4 - 0)))*1380?
3
Suppose 32281 = 4*p - 5*l, 10068 = -5*p - 5*l + 50363. What is the units digit of p?
4
Suppose -4*m - 2*t - 194 = 0, 106 = 2*m - 4*m + 2*t. What is the tens digit of 3*(m/(-15) - 2) + 81?
8
Let w be (-6)/(-8) + ((-610)/(-8))/1. Suppose -w = -3*r + k + 359, 4*r - 574 = 5*k. Suppose 0 = -3*l + l + r. What is the units digit of l?
3
Let k(x) = -x**3 + 78*x**2 + 28*x - 2179. What is the units digit of k(78)?
5
Suppose -s - 64 = -2*s. Let d = s + -67. What is the units digit of (-127)/3*(0 - d)/(-1)?
7
Suppose 3*s - 42 = -3*z, -4*z + 86 = z + s. Let h be 27/z*34/(-3). Let b = h + 80. What is the units digit of b?
3
Suppose 0 = 51*w - 1403994 - 1278402. What is the hundreds digit of w?
5
Let r be 2 + 0 + (9 - 9) + 2. Suppose -226 + 680 = 2*w - r*f, -w + 202 = 3*f. Suppose 3*g - 5*s - 333 = 0, 4*g - s - w = 210. What is the units digit of g?
6
Suppose -205*g - 122960 = -215*g. What is the units digit of g?
6
Let p = 33099 + -3066. What is the thousands digit of p?
0
Let p(g) be the first derivative of 5*g**3/3 + 9*g**2/2 + 2*g + 102. Let m = -15 - -10. What is the tens digit of p(m)?
8
Let x = 23510 - -695. What is the thousands digit of x?
4
Let r be 8 + -7 + 1 + 0. Suppose 2*j + 7 = x,